(-2).
-4
Let m(q) = 2*q**2 + 134*q + 735. Give m(-61).
3
Let w(k) = -14*k + 109. Determine w(8).
-3
Let w(j) = j**2 - 1. Determine w(-7).
48
Let k(b) = -b - 21. What is k(-16)?
-5
Let h(x) = x**2 + 8*x - 9. Give h(-9).
0
Let y(a) = -a**3 - 23*a**2 - 19*a + 73. What is y(-22)?
7
Let b(z) = -z**2 + 389*z - 2295. Calculate b(6).
3
Let b(k) = k**3 + 10*k**2 - 7*k + 14. Give b(-11).
-30
Let j(y) = -y + 46. What is j(-17)?
63
Let x(z) = 3*z**2 + 28*z - 5. Give x(-10).
15
Let m(t) = 2*t**2 - 18*t - 25. Determine m(11).
19
Let i(m) = -12*m**3 - m - 1. Determine i(-1).
12
Let a(k) = -k**2 + 9*k - 26. Give a(6).
-8
Let k(m) = -5*m**3 - 4*m**2 - 3*m + 1. Calculate k(-2).
31
Let f(t) = 2*t**3 + 4*t**2 + t - 3. What is f(-2)?
-5
Let h(x) = -x**3 - 5*x**2 + 2*x. Determine h(-6).
24
Let t(p) = p**3 + 4*p**2 + 4*p + 3. Calculate t(-2).
3
Let r(h) = h**3 - 44*h**2 + 41*h + 89. Calculate r(43).
3
Let n(g) = -3*g + 9. Calculate n(-5).
24
Let z(q) = q**3 + 17*q**2 + 29*q - 8. What is z(-15)?
7
Let v(g) = 2*g - 27. What is v(11)?
-5
Let d(v) = 2*v**2 - 12*v + 8. Calculate d(9).
62
Let w(q) = q**3 + 7*q**2 - 3*q - 5. Give w(-6).
49
Let r(n) = -n + 13. Determine r(16).
-3
Let b(n) = -10*n - 5. What is b(-5)?
45
Let p(g) = g**3 - 7*g**2 - 8*g + 49. Determine p(7).
-7
Let z(n) = 2*n**2 - 15*n - 43. Determine z(11).
34
Let b(o) = o**3 + o**2 + o - 4. Calculate b(-3).
-25
Let d(h) = -h**2 - 12*h + 13. Determine d(-12).
13
Let v(m) = 14*m**2 + 30*m - 30. Calculate v(1).
14
Let d(p) = p**3 - 7*p**2 + 4*p - 5. Determine d(7).
23
Let g(o) = -42*o + 244. Calculate g(6).
-8
Let j(h) = -h**3 - 12*h**2 - 13*h - 18. What is j(-11)?
4
Let s(p) = -2*p**2 - 4*p + 21. Determine s(-5).
-9
Let q(c) = 14*c - 6. What is q(4)?
50
Let a(k) = 18*k + 21. Give a(-7).
-105
Let t(c) = -c**3 - 11*c**2 + 17. What is t(-11)?
17
Let x(q) = q - 9. Determine x(9).
0
Let f(j) = j + 6. Determine f(9).
15
Let m(h) = 7*h + 1. Determine m(-4).
-27
Let h(z) = -z**2 + 10*z - 9. Calculate h(10).
-9
Let l(q) = -2*q**2 + 6*q + 3. What is l(-4)?
-53
Let h(i) = 2*i**2 + 51*i - 30. Give h(-26).
-4
Let v(d) = d**3 - 10*d**2 + 16*d - 1. What is v(7)?
-36
Let o(x) = x**3 - 19*x**2 - 184*x + 52. What is o(26)?
0
Let t(b) = -6*b - 336. Give t(-55).
-6
Let j(d) = -2*d - 62. Give j(-33).
4
Let u(x) = -x**2 - 15*x + 42. Determine u(-16).
26
Let c(w) = w**2 - 4*w - 11. Determine c(7).
10
Let m(t) = t**2 + t - 12. Calculate m(3).
0
Let i(k) = 30*k - 117. Determine i(4).
3
Let b(w) = 7*w - 92. Calculate b(9).
-29
Let k(b) = -b**2 - 2*b + 132. What is k(-13)?
-11
Let h(n) = 13*n - 342. What is h(27)?
9
Let c(x) = x**3 + 11*x**2 + 18*x + 7. Determine c(-9).
7
Let p(s) = -s**2 - 11*s - 15. Calculate p(-10).
-5
Let x(a) = -a**2 + a + 4. Determine x(4).
-8
Let h(j) = -j**2 - 61*j - 165. Calculate h(-3).
9
Let n(t) = -t**2 - 3*t + 10. What is n(-5)?
0
Let i(y) = -25*y**3 + y**2. Calculate i(1).
-24
Let y(z) = 4*z - 4. Calculate y(4).
12
Let k(j) = -j**3 - 3*j**2 + 6*j + 3. Calculate k(-4).
-5
Let r(m) = 3*m - 40. Give r(9).
-13
Let u(w) = w**3 + 8*w**2 - 5*w - 13. Give u(-8).
27
Let t(k) = -7*k + 12. Calculate t(14).
-86
Let g(w) = -w**3 - w**2 + w - 5. Determine g(0).
-5
Let m(f) = 4*f - 52. Give m(-11).
-96
Let h(i) = 6*i + 32. Calculate h(6).
68
Let j(o) = -o**2 + 14*o + 26. Calculate j(16).
-6
Let r(w) = w**2 - 3*w - 6. Determine r(9).
48
Let w(m) = 5*m**2 + 5*m - 1. Calculate w(-4).
59
Let y(w) = w**3 - 5*w**2 - 11*w - 31. Calculate y(7).
-10
Let d(k) = -k**2 + 9*k + 26. Give d(14).
-44
Let s(x) = x**2 + 4*x - 95. Calculate s(8).
1
Let u(o) = -8*o + 127. Give u(16).
-1
Let f(p) = p**3 + 4*p**2 - 7*p + 2. Calculate f(-4).
30
Let x(p) = p**2 + 13*p + 2. Calculate x(-12).
-10
Let j(r) = 236*r + 236. What is j(-1)?
0
Let t(r) = -3*r + 32. Determine t(11).
-1
Let o(j) = -j**3 + 15*j**2 + 40*j - 39. What is o(17)?
63
Let y(n) = 2*n**2 + 19*n + 1. What is y(-8)?
-23
Let p(g) = -64*g + 247. Determine p(4).
-9
Let s(g) = g**3 - 7*g**2 + 10*g - 10. Calculate s(4).
-18
Let h(q) = -9*q + 9. Give h(6).
-45
Let s(a) = 4*a**3 - 5*a**2 + 6*a. Calculate s(3).
81
Let b(i) = -i**3 + 27*i**2 - 29*i + 101. Calculate b(26).
23
Let c(o) = o**2 + 10*o - 26. Determine c(-12).
-2
Let p(z) = z**2 - 11*z + 10. Determine p(11).
10
Let b(s) = s**3 + 23*s**2 + 92*s + 32. Determine b(-18).
-4
Let n(t) = t**2 + 11*t + 8. Calculate n(-10).
-2
Let g(z) = -z**2 + 63*z + 409. Calculate g(-6).
-5
Let s(m) = -m**2 + m - 4. What is s(4)?
-16
Let p(c) = -c**2 - 12*c - 14. Calculate p(-7).
21
Let c(r) = r**2 - 2*r - 1. What is c(-2)?
7
Let s(x) = -x**3 + 15*x**2 - 32*x - 8. Determine s(12).
40
Let h(c) = -2*c**3 - 3*c**2 + 5. Calculate h(2).
-23
Let f(w) = w**3 - 9*w**2 + 15*w - 1. What is f(3)?
-10
Let w(n) = -n**2 + n + 4. Determine w(0).
4
Let m(y) = -20*y + 82. What is m(4)?
2
Let u(m) = m**3 + 7*m**2 - m - 10. Calculate u(-7).
-3
Let c(j) = 2*j**2 - 77*j + 49. Give c(38).
11
Let p(c) = c**3 - 5*c**2 - 8*c + 10. Give p(5).
-30
Let q(t) = -27*t - 144. Determine q(-5).
-9
Let s(z) = -21*z - 155. Give s(-7).
-8
Let c(l) = -2*l + 9. Give c(7).
-5
Let g(d) = 13*d**2 + 10*d + 1. Give g(-4).
169
Let w(f) = 16*f - 63. Determine w(6).
33
Let z(u) = -u**3 + 15*u**2 - 24*u - 14. Give z(13).
12
Let l(t) = t**3 - 6*t**2 + 4*t - 2. Give l(6).
22
Let j(q) = -5*q + 5. Determine j(-8).
45
Let b(p) = p + 2. What is b(5)?
7
Let p(h) = h**3 - 4*h**2 + 2*h + 2. Calculate p(4).
10
Let j(t) = -t - 3. Calculate j(0).
-3
Let r(y) = -5*y**2 + 2*y - 1. What is r(1)?
-4
Let s(k) = -k**3 + 6*k**2 + k + 2. Calculate s(5).
32
Let h(r) = -19*r + 18. Calculate h(-2).
56
Let s(m) = 29*m + 130. What is s(-6)?
-44
Let f(p) = -3*p + 36. Calculate f(13).
-3
Let k(v) = -v**3 - 16*v**2 + 83*v + 61. Give k(-20).
1
Let r(w) = 2*w**3 + w**2 - 3*w + 1. Give r(1).
1
Let r(d) = 111*d - 551. What is r(5)?
4
Let u(k) = 2*k**2 - 24*k + 31. Give u(9).
-23
Let a(j) = j + 4. Calculate a(-3).
1
Let d(a) = 5*a**2 + 18*a + 9. Calculate d(-7).
128
Let x(a) = -2*a**2 - 6*a + 2. Calculate x(1).
-6
Let v(l) = -l**3 + 9*l**2 + 10*l + 13. What is v(10)?
13
Let a(f) = f**3 + 3*f**2 - 7*f - 6. What is a(-4)?
6
Let x(h) = 2*h**2 - 27*h - 66. Calculate x(15).
-21
Let z(x) = -4*x - 8. Give z(7).
-36
Let h(f) = f - 10. Give h(5).
-5
Let j(n) = n**3 - 11*n**2 - 16*n + 30. Determine j(12).
-18
Let t(f) = -f**2 + 3*f + 47. Calculate t(9).
-7
Let r(t) = 4*t**2 + 7*t + 9. Determine r(-4).
45
Let p(y) = y**3 + 10*y**2 + 2*y + 6. What is p(-10)?
-14
Let a(t) = -t**2 - 20*t - 48. Calculate a(-17).
3
Let o(h) = h**3 - 5*h**2 - 16*h + 11. Give o(7).
-3
Let j(u) = u**3 + 10*u**2 + 7*u - 10. Determine j(-9).
8
Let x(u) = -u**2 - 24*u - 24. Give x(-19).
71
Let k(w) = -w**3 - 7*w**2 + 2*w - 2. Give k(-6).
-50
Let p(l) = l**3 + 9*l**2 + 4*l - 22. What is p(-10)?
-162
Let w(b) = -2*b**2 + 7*b + 11. Determine w(6).
-19
Let f(h) = -h + 1. Give f(15).
-14
Let g(l) = -2*l**2 - 5*l + 6. What is g(3)?
-27
Let u(k) = -k**3 - 11*k**2 + 2*k + 15. What is u(-11)?
-7
Let l(i) = -7*i**3 - 2*i**2 + i + 2. Give l(-1).
6
Let j(n) = 2*n**3 + n**2 + n. What is j(-2)?
-14
Let t(r) = r - 23. Give t(-18).
-41
Let g(c) = c**3 - 8*c**2 + 113*c - 601. Calculate g(6).
5
Let l(p) = 8*p**2 + 2*p + 1. Calculate l(-1).
7
Let h(c) = -c - 71. What is h(-16)?
-55
Let d(r) = -r**2 - 2*r + 19. Determine d(-6).
-5
Let q(i) = i**2 - 6*i - 35. Give q(10).
5
Let r(a) = 27*a - 126. Give r(5).
9
Let v(s) = s**2 + 23*s + 19. What is v(-22)?
-3
Let w(i) = -i**3 - 8*i**2 + 11*i + 19. Determine w(-9).
1
Let f(o) = -2*o**2 + 34*o + 11. Determine f(17).
11
Let x(f) = 3*f**3 + f**2 - f. What is x(1)?
3
Let z(l) = -10*l**3 + 2*l**2 - 4*l + 2. Give z(2).
-78
Let x(y) = -2*y**2 - 32*y + 9. Determine x(-17).
-25
Let r(g) = -g**2 - 9*g - 17. What is r(-4)?
3
Let m(n) = n**2 + 11*n + 1. Calculate m(-11).
1
Let d(k) = k**2 + 38*k + 142. Determine d(-34).
6
Let j(n) = 3*n + 29. What is j(-8)?
5
Let b(t) = -35*t - 203. Calculate b(-6).
7
Let y(f) = -2*f + 3. What is y(0)?
3
Let a(u) = -u**3 + 8*u**2 + 8*u + 3. Determine a(9).
-6
Let q(l) = l. Determine q(9).
9
Let v(k) = -k**2 - 54*k - 294. Calculate v(-48).
-6
Let f(g) = 34*g - 2. Give f(1).
32
Let j(l) = 5*l + 40. Calculate j(-11).
-15
Let b(p) = p**3 - 9*p**2 - 10*p - 14. What is b(10)?
-14
Let s(w) = -11*w + 1. What is s(2)?
-21
Let k(w)